{"id":8856,"date":"2026-03-26T23:04:44","date_gmt":"2026-03-26T23:04:44","guid":{"rendered":"https:\/\/newcode.tech\/alv\/?page_id=8856"},"modified":"2026-03-30T23:48:09","modified_gmt":"2026-03-30T23:48:09","slug":"terminos-y-condiciones","status":"publish","type":"page","link":"https:\/\/newcode.tech\/alv\/terminos-y-condiciones\/","title":{"rendered":"T\u00e9rminos y Condiciones"},"content":{"rendered":"\t\t<div data-elementor-type=\"wp-page\" data-elementor-id=\"8856\" class=\"elementor elementor-8856\" data-elementor-post-type=\"page\">\n\t\t\t\t<div class=\"elementor-element elementor-element-9eb8dc6 e-flex e-con-boxed e-con e-parent\" data-id=\"9eb8dc6\" data-element_type=\"container\" data-e-type=\"container\" data-settings=\"{&quot;background_background&quot;:&quot;classic&quot;}\">\n\t\t\t\t\t<div class=\"e-con-inner\">\n\t\t\t\t<div class=\"elementor-element elementor-element-306505a elementor-widget__width-initial elementor-widget elementor-widget-heading\" data-id=\"306505a\" data-element_type=\"widget\" data-e-type=\"widget\" data-widget_type=\"heading.default\">\n\t\t\t\t\t<h1 class=\"elementor-heading-title elementor-size-default\">T\u00e9rminos y Condiciones<\/h1>\t\t\t\t<\/div>\n\t\t\t\t<div class=\"elementor-element elementor-element-f9b00ce elementor-widget__width-initial elementor-widget elementor-widget-text-editor\" data-id=\"f9b00ce\" data-element_type=\"widget\" data-e-type=\"widget\" data-widget_type=\"text-editor.default\">\n\t\t\t\t\t\t\t\t\t<p>After Life Vets<\/p>\t\t\t\t\t\t\t\t<\/div>\n\t\t\t\t\t<\/div>\n\t\t\t\t<\/div>\n\t\t<div class=\"elementor-element elementor-element-cdc4558 e-flex e-con-boxed e-con e-parent\" data-id=\"cdc4558\" data-element_type=\"container\" data-e-type=\"container\">\n\t\t\t\t\t<div class=\"e-con-inner\">\n\t\t\t\t<div class=\"elementor-element elementor-element-b3b59cf elementor-widget elementor-widget-text-editor\" data-id=\"b3b59cf\" data-element_type=\"widget\" data-e-type=\"widget\" data-widget_type=\"text-editor.default\">\n\t\t\t\t\t\t\t\t\t<p><!-- \/wp:heading --><!-- wp:paragraph --><\/p><p><strong>1. Introducci\u00f3n<\/strong><br \/>Estos t\u00e9rminos y condiciones rigen el uso de la p\u00e1gina web afterlifevets.es, la cual est\u00e1 dedicada a ofrecer servicios relacionados con los \u00faltimos momentos de vida de las mascotas. Al utilizar nuestra p\u00e1gina web, usted acepta estos t\u00e9rminos y condiciones en su totalidad. Si no est\u00e1 de acuerdo con estos t\u00e9rminos y condiciones o cualquier parte de estos t\u00e9rminos y condiciones, no debe usar esta p\u00e1gina web.<\/p><p><strong>2. Definiciones<\/strong><br \/>&#8211; Servicios: Asesor\u00eda telef\u00f3nica, consultas de calidad de vida a domicilio, eutanasia veterinaria a domicilio, gesti\u00f3n de incineraci\u00f3n con crematorios de terceros y servicios de terapia de duelo.<\/p><p>&#8211; Usuario: Cualquier persona que acceda y utilice los servicios ofrecidos por afterlifevets.es.<\/p><p><strong>3. Condiciones de Uso<\/strong><br \/>Los usuarios deben utilizar la p\u00e1gina web solo para prop\u00f3sitos legales y de una manera que no infrinja los derechos de, o restrinja o inhiba el uso y disfrute de esta web por parte de cualquier tercero.<\/p><p><strong>4. Registro y Privacidad<\/strong><br \/>Al registrarse en nuestra p\u00e1gina web, usted acepta que su informaci\u00f3n personal ser\u00e1 utilizada conforme a nuestra pol\u00edtica de privacidad.<\/p><p><strong>5. Derechos de Propiedad<\/strong> <strong>Intelectual<\/strong><br \/>Todo el contenido incluido en la p\u00e1gina web, a menos que se indique lo contrario, es propiedad de afterlifevets.es o de nuestros licenciantes y est\u00e1 protegido por las leyes de derechos de autor y tratados internacionales.<\/p><p><strong>6. Garant\u00eda de Satisfacci\u00f3n por el Servicio de Eutanasia<\/strong><br \/>Ofrecemos una garant\u00eda de satisfacci\u00f3n para el servicio de eutanasia a domicilio para clientes que elijan pagar todo el servicio a trav\u00e9s de la web o por <strong>adelantado<\/strong>. Si al finalizar el servicio, antes de salir del domicilio, el cliente no est\u00e1 satisfecho con el mismo, debe notific\u00e1rnoslo en persona y firmar un documento de disconformidad. En tal caso, se reembolsar\u00e1 \u00fanicamente el importe correspondiente al servicio de eutanasia, excluyendo cualquier otro servicio adicional como la incineraci\u00f3n.<\/p><p><strong>7. Derecho de Cancelaci\u00f3n y Cambio de Cita<\/strong><br \/>Nos reservamos el derecho de cancelar o cambiar la fecha de cualquier cita antes de prestar el servicio. En caso de cancelaci\u00f3n o cambio de cita por parte de la empresa, se reembolsar\u00e1 el importe total ya pagado por el cliente.<\/p><p><strong>8. Limitaciones de Responsabilidad<\/strong><br \/>Afterlifevets.es no ser\u00e1 responsable por ning\u00fan da\u00f1o indirecto, consecuente o especial resultante del uso de esta p\u00e1gina web o de los servicios proporcionados.<\/p><p><strong>9. Modificaciones a los T\u00e9rminos<\/strong><br \/>Nos reservamos el derecho de modificar estos t\u00e9rminos y condiciones en cualquier momento. Cualquier cambio ser\u00e1 efectivo inmediatamente despu\u00e9s de su publicaci\u00f3n en la p\u00e1gina web.<\/p><p><strong>10. Legislaci\u00f3n Aplicable y Jurisdicci\u00f3n<\/strong><br \/>Estos t\u00e9rminos y condiciones se regir\u00e1n e interpretar\u00e1n de acuerdo con las leyes de Espa\u00f1a, y cualquier disputa relacionada con estos t\u00e9rminos y condiciones estar\u00e1 sujeta a la jurisdicci\u00f3n exclusiva de los tribunales de Espa\u00f1a.<\/p><p><strong>11. Contacto<\/strong><br \/>Para cualquier pregunta relacionada con estos t\u00e9rminos y condiciones, por favor contacte a info@afterlifevets.com o 633676263.<\/p><p>Este documento ahora incluye todos los puntos clave que mencionaste, garantizando que las pol\u00edticas de servicio de tu empresa est\u00e9n claramente establecidas para los usuarios.<\/p><p><!-- \/wp:paragraph --><\/p>\t\t\t\t\t\t\t\t<\/div>\n\t\t\t\t\t<\/div>\n\t\t\t\t<\/div>\n\t\t\t\t<\/div>\n\t\t","protected":false},"excerpt":{"rendered":"<p>After Life Vets 1. Introducci\u00f3nEstos t\u00e9rminos y condiciones rigen el uso de la p\u00e1gina web afterlifevets.es, la cual est\u00e1 dedicada a ofrecer servicios relacionados con los \u00faltimos momentos de vida de las mascotas. Al utilizar nuestra p\u00e1gina web, usted acepta estos t\u00e9rminos y condiciones en su totalidad. Si no est\u00e1 de acuerdo con estos t\u00e9rminos [&hellip;]<\/p>\n","protected":false},"author":1,"featured_media":0,"parent":0,"menu_order":0,"comment_status":"closed","ping_status":"closed","template":"elementor_header_footer","meta":{"footnotes":""},"class_list":["post-8856","page","type-page","status-publish","hentry"],"_links":{"self":[{"href":"https:\/\/newcode.tech\/alv\/wp-json\/wp\/v2\/pages\/8856","targetHints":{"allow":["GET"]}}],"collection":[{"href":"https:\/\/newcode.tech\/alv\/wp-json\/wp\/v2\/pages"}],"about":[{"href":"https:\/\/newcode.tech\/alv\/wp-json\/wp\/v2\/types\/page"}],"author":[{"embeddable":true,"href":"https:\/\/newcode.tech\/alv\/wp-json\/wp\/v2\/users\/1"}],"replies":[{"embeddable":true,"href":"https:\/\/newcode.tech\/alv\/wp-json\/wp\/v2\/comments?post=8856"}],"version-history":[{"count":8,"href":"https:\/\/newcode.tech\/alv\/wp-json\/wp\/v2\/pages\/8856\/revisions"}],"predecessor-version":[{"id":9119,"href":"https:\/\/newcode.tech\/alv\/wp-json\/wp\/v2\/pages\/8856\/revisions\/9119"}],"wp:attachment":[{"href":"https:\/\/newcode.tech\/alv\/wp-json\/wp\/v2\/media?parent=8856"}],"curies":[{"name":"wp","href":"https:\/\/api.w.org\/{rel}","templated":true}]}}